{"id":38320,"date":"2022-12-23T13:48:51","date_gmt":"2022-12-23T12:48:51","guid":{"rendered":"https:\/\/ospitalita-italiana.com\/pointofinterest\/parco-nazionale-del-pollino\/"},"modified":"2023-10-27T13:38:16","modified_gmt":"2023-10-27T11:38:16","slug":"parco-nazionale-del-pollino","status":"publish","type":"pointofinterest","link":"https:\/\/ospitalita-italiana.com\/en\/pointofinterest\/parco-nazionale-del-pollino\/","title":{"rendered":"Parco Nazionale del Pollino"},"content":{"rendered":"<p>Lo chiamano \u201cGiardino degli Dei\u201d, in quanto \u201csantuario\u201d di una specie arborea rara e preziosa, il Pino Loricato. Siamo sulla cima di Serra di Crispo, in provincia di Potenza, nel Parco Nazionale del Pollino, la pi\u00f9 grande area protetta d\u2019Italia, di cui questa particolarissima specie di pino \u00e8 simbolo e vita.<\/p>\n<p>Istituito nel 1993, il Parco si sviluppa tra le vette del Dolcedorme e di Cozzo del Pellegrino, lungo il massiccio montuoso calabro-lucano del Pollino e dell&#8217;Orsomarso, ed \u00e8 stato di recente inserito nel listing dei Geoparchi dell\u2019Unesco come Patrimonio dell\u2019Umanit\u00e0, in virt\u00f9 proprio di flora e fauna endemiche da tutelare. Dalle sue vette alte fino a 2.200 metri si possono vedere non uno ma ben due mari: da una parte la costa tirrenica di Maratea, Praia a Mare e Belvedere Marittimo e a est il litorale ionico da Sibari a Metaponto.<\/p>\n<p>Bench\u00e9 sia la natura a fare da padrona da queste parti, non mancano gli spunti storico-archeologici, e persino preistorici, come per esempio nella Grotta-Riparo del Romito, o in quella di Sant\u2019Angelo, con una graziosa chiesa ipogea del V-VI sec. d.C., o ancora nei borghi di Mormanno e Civita, fermi al Medioevo. Per non farsi mancare nulla, c\u2019\u00e8 anche il tocco di &#8220;esotico&#8221; in pi\u00f9, dato dalle comunit\u00e0 di cultura Arb\u00ebreshe, presenti sul territorio dal 1470.<\/p>\n<p>Alcuni nuclei provenienti dall\u2019Albania si rifugiarono qui per sfuggire alle milizie turche, rimanendo fedeli alle loro tradizioni e alla loro lingua, parlata ancora oggi, e fondando paesi come Acquaformosa, Civita, S. Basile, Lungro, Plataci, Frascineto, S. Costantino Albanese e S. Paolo Albanese.<\/p>\n<p>La comunit\u00e0 albanese presente nel Pollino \u00e8 fra le pi\u00f9 radicate d&#8217;Italia: a Civita e a S. Paolo Albanese, si trovano i Musei della Civilt\u00e0 Arb\u00ebreshe dove sono conservati numerosi oggetti, attrezzi e costumi tipici. Di grande interesse religioso sono le funzioni di rito greco-bizantino e le Vallje, le particolari danze che gli Arb\u00ebresh\u00eb intrecciano uniti l&#8217;un l&#8217;altro attraverso un fazzoletto.<\/p>\n<p>Il Parco Nazionale del Pollino \u00e8 anche habitat di numerose specie faunistiche, che con un po\u2019 di fortuna si possono incontrare praticando escursionismo: lupo appenninico, cinghiali e caprioli, scoiattoli, istrici e lontre, ma anche picchi, gufi e aquile reali, falchi pellegrini e gheppi. In epoche remotissime, su queste distese si aggiravano anche pachidermi, come testimoniato da fossili risalenti a decine di migliaia di anni fa, vedi lo scheletro di \u201cElepfhans antiquus italicus\u201d, alto quattro metri e vissuto circa settecentomila anni fa, rinvenuto nelle Valli del Mercure e attualmente custodito nel Museo Naturalistico e Paleontologico di Rotonda, sede del Parco.<\/p>\n<p>&nbsp;<\/p>\n","protected":false},"excerpt":{"rendered":"<p>Lo chiamano \u201cGiardino degli Dei\u201d, in quanto \u201csantuario\u201d di una specie arborea rara e preziosa, il Pino Loricato. Siamo sulla cima di Serra di Crispo, in provincia di Potenza, nel Parco Nazionale del Pollino, la pi\u00f9 grande area protetta d\u2019Italia, di cui questa particolarissima specie di pino \u00e8 simbolo e vita. Istituito nel 1993, il [&hellip;]<\/p>\n","protected":false},"featured_media":0,"template":"","region":[291],"provience":[366],"city":[367],"typeofpointofinterest":[27],"avatours":[80],"destination":[2736],"businessarea":[88,87,99,100],"class_list":["post-38320","pointofinterest","type-pointofinterest","status-publish","hentry","region-basilicata","provience-potenza","city-rotonda","typeofpointofinterest-parchi-e-giardini","avatours-turista-naturalistico","destination-parco-nazionale-del-pollino","businessarea-agroalimentare","businessarea-artigianato","businessarea-produzioni-dop","businessarea-produzioni-igp"],"yoast_head":"<!-- This site is optimized with the Yoast SEO plugin v21.5 - https:\/\/yoast.com\/wordpress\/plugins\/seo\/ -->\n<title>Parco Nazionale del Pollino -<\/title>\n<meta name=\"description\" content=\"Parco Nazionale del Pollino -\" \/>\n<meta name=\"robots\" content=\"index, follow, max-snippet:-1, max-image-preview:large, max-video-preview:-1\" \/>\n<link rel=\"canonical\" href=\"https:\/\/ospitalita-italiana.com\/pointofinterest\/parco-nazionale-del-pollino\/\" \/>\n<meta property=\"og:locale\" content=\"en_US\" \/>\n<meta property=\"og:type\" content=\"article\" \/>\n<meta property=\"og:title\" content=\"Parco Nazionale del Pollino -\" \/>\n<meta property=\"og:description\" content=\"Parco Nazionale del Pollino -\" \/>\n<meta property=\"og:url\" content=\"https:\/\/ospitalita-italiana.com\/pointofinterest\/parco-nazionale-del-pollino\/\" \/>\n<meta property=\"article:publisher\" content=\"https:\/\/www.facebook.com\/MarchiodiQualitaOspitalitaItaliana\/\" \/>\n<meta property=\"article:modified_time\" content=\"2023-10-27T11:38:16+00:00\" \/>\n<meta name=\"twitter:card\" content=\"summary_large_image\" \/>\n<meta name=\"twitter:label1\" content=\"Est. reading time\" \/>\n\t<meta name=\"twitter:data1\" content=\"3 minutes\" \/>\n<script type=\"application\/ld+json\" class=\"yoast-schema-graph\">{\"@context\":\"https:\/\/schema.org\",\"@graph\":[{\"@type\":\"WebPage\",\"@id\":\"https:\/\/ospitalita-italiana.com\/pointofinterest\/parco-nazionale-del-pollino\/\",\"url\":\"https:\/\/ospitalita-italiana.com\/pointofinterest\/parco-nazionale-del-pollino\/\",\"name\":\"Parco Nazionale del Pollino -\",\"isPartOf\":{\"@id\":\"https:\/\/ospitalita-italiana.com\/#website\"},\"datePublished\":\"2022-12-23T12:48:51+00:00\",\"dateModified\":\"2023-10-27T11:38:16+00:00\",\"description\":\"Parco Nazionale del Pollino -\",\"breadcrumb\":{\"@id\":\"https:\/\/ospitalita-italiana.com\/pointofinterest\/parco-nazionale-del-pollino\/#breadcrumb\"},\"inLanguage\":\"en-US\",\"potentialAction\":[{\"@type\":\"ReadAction\",\"target\":[\"https:\/\/ospitalita-italiana.com\/pointofinterest\/parco-nazionale-del-pollino\/\"]}]},{\"@type\":\"BreadcrumbList\",\"@id\":\"https:\/\/ospitalita-italiana.com\/pointofinterest\/parco-nazionale-del-pollino\/#breadcrumb\",\"itemListElement\":[{\"@type\":\"ListItem\",\"position\":1,\"name\":\"Home\",\"item\":\"https:\/\/ospitalita-italiana.com\/en\/\"},{\"@type\":\"ListItem\",\"position\":2,\"name\":\"Point of interest\",\"item\":\"https:\/\/ospitalita-italiana.com\/pointofinterest\/\"},{\"@type\":\"ListItem\",\"position\":3,\"name\":\"Parco Nazionale del Pollino\"}]},{\"@type\":\"WebSite\",\"@id\":\"https:\/\/ospitalita-italiana.com\/#website\",\"url\":\"https:\/\/ospitalita-italiana.com\/\",\"name\":\"Ospitalit\u00e0 Italiana\",\"description\":\"L\u2019 ospitalit\u00e0 che meriti - destinAzioni e strutture di qualit\u00e0\",\"publisher\":{\"@id\":\"https:\/\/ospitalita-italiana.com\/#organization\"},\"potentialAction\":[{\"@type\":\"SearchAction\",\"target\":{\"@type\":\"EntryPoint\",\"urlTemplate\":\"https:\/\/ospitalita-italiana.com\/?s={search_term_string}\"},\"query-input\":\"required name=search_term_string\"}],\"inLanguage\":\"en-US\"},{\"@type\":\"Organization\",\"@id\":\"https:\/\/ospitalita-italiana.com\/#organization\",\"name\":\"Isnart\",\"url\":\"https:\/\/ospitalita-italiana.com\/\",\"logo\":{\"@type\":\"ImageObject\",\"inLanguage\":\"en-US\",\"@id\":\"https:\/\/ospitalita-italiana.com\/#\/schema\/logo\/image\/\",\"url\":\"https:\/\/ospitalita-italiana.com\/wp-content\/uploads\/2022\/04\/header-logo.png\",\"contentUrl\":\"https:\/\/ospitalita-italiana.com\/wp-content\/uploads\/2022\/04\/header-logo.png\",\"width\":154,\"height\":126,\"caption\":\"Isnart\"},\"image\":{\"@id\":\"https:\/\/ospitalita-italiana.com\/#\/schema\/logo\/image\/\"},\"sameAs\":[\"https:\/\/www.facebook.com\/MarchiodiQualitaOspitalitaItaliana\/\",\"https:\/\/www.instagram.com\/ospitalitaitaliana_official\/\"]}]}<\/script>\n<!-- \/ Yoast SEO plugin. -->","yoast_head_json":{"title":"Parco Nazionale del Pollino -","description":"Parco Nazionale del Pollino -","robots":{"index":"index","follow":"follow","max-snippet":"max-snippet:-1","max-image-preview":"max-image-preview:large","max-video-preview":"max-video-preview:-1"},"canonical":"https:\/\/ospitalita-italiana.com\/pointofinterest\/parco-nazionale-del-pollino\/","og_locale":"en_US","og_type":"article","og_title":"Parco Nazionale del Pollino -","og_description":"Parco Nazionale del Pollino -","og_url":"https:\/\/ospitalita-italiana.com\/pointofinterest\/parco-nazionale-del-pollino\/","article_publisher":"https:\/\/www.facebook.com\/MarchiodiQualitaOspitalitaItaliana\/","article_modified_time":"2023-10-27T11:38:16+00:00","twitter_card":"summary_large_image","twitter_misc":{"Est. reading time":"3 minutes"},"schema":{"@context":"https:\/\/schema.org","@graph":[{"@type":"WebPage","@id":"https:\/\/ospitalita-italiana.com\/pointofinterest\/parco-nazionale-del-pollino\/","url":"https:\/\/ospitalita-italiana.com\/pointofinterest\/parco-nazionale-del-pollino\/","name":"Parco Nazionale del Pollino -","isPartOf":{"@id":"https:\/\/ospitalita-italiana.com\/#website"},"datePublished":"2022-12-23T12:48:51+00:00","dateModified":"2023-10-27T11:38:16+00:00","description":"Parco Nazionale del Pollino -","breadcrumb":{"@id":"https:\/\/ospitalita-italiana.com\/pointofinterest\/parco-nazionale-del-pollino\/#breadcrumb"},"inLanguage":"en-US","potentialAction":[{"@type":"ReadAction","target":["https:\/\/ospitalita-italiana.com\/pointofinterest\/parco-nazionale-del-pollino\/"]}]},{"@type":"BreadcrumbList","@id":"https:\/\/ospitalita-italiana.com\/pointofinterest\/parco-nazionale-del-pollino\/#breadcrumb","itemListElement":[{"@type":"ListItem","position":1,"name":"Home","item":"https:\/\/ospitalita-italiana.com\/en\/"},{"@type":"ListItem","position":2,"name":"Point of interest","item":"https:\/\/ospitalita-italiana.com\/pointofinterest\/"},{"@type":"ListItem","position":3,"name":"Parco Nazionale del Pollino"}]},{"@type":"WebSite","@id":"https:\/\/ospitalita-italiana.com\/#website","url":"https:\/\/ospitalita-italiana.com\/","name":"Ospitalit\u00e0 Italiana","description":"L\u2019 ospitalit\u00e0 che meriti - destinAzioni e strutture di qualit\u00e0","publisher":{"@id":"https:\/\/ospitalita-italiana.com\/#organization"},"potentialAction":[{"@type":"SearchAction","target":{"@type":"EntryPoint","urlTemplate":"https:\/\/ospitalita-italiana.com\/?s={search_term_string}"},"query-input":"required name=search_term_string"}],"inLanguage":"en-US"},{"@type":"Organization","@id":"https:\/\/ospitalita-italiana.com\/#organization","name":"Isnart","url":"https:\/\/ospitalita-italiana.com\/","logo":{"@type":"ImageObject","inLanguage":"en-US","@id":"https:\/\/ospitalita-italiana.com\/#\/schema\/logo\/image\/","url":"https:\/\/ospitalita-italiana.com\/wp-content\/uploads\/2022\/04\/header-logo.png","contentUrl":"https:\/\/ospitalita-italiana.com\/wp-content\/uploads\/2022\/04\/header-logo.png","width":154,"height":126,"caption":"Isnart"},"image":{"@id":"https:\/\/ospitalita-italiana.com\/#\/schema\/logo\/image\/"},"sameAs":["https:\/\/www.facebook.com\/MarchiodiQualitaOspitalitaItaliana\/","https:\/\/www.instagram.com\/ospitalitaitaliana_official\/"]}]}},"_links":{"self":[{"href":"https:\/\/ospitalita-italiana.com\/en\/wp-json\/wp\/v2\/pointofinterest\/38320","targetHints":{"allow":["GET"]}}],"collection":[{"href":"https:\/\/ospitalita-italiana.com\/en\/wp-json\/wp\/v2\/pointofinterest"}],"about":[{"href":"https:\/\/ospitalita-italiana.com\/en\/wp-json\/wp\/v2\/types\/pointofinterest"}],"version-history":[{"count":0,"href":"https:\/\/ospitalita-italiana.com\/en\/wp-json\/wp\/v2\/pointofinterest\/38320\/revisions"}],"wp:attachment":[{"href":"https:\/\/ospitalita-italiana.com\/en\/wp-json\/wp\/v2\/media?parent=38320"}],"wp:term":[{"taxonomy":"region","embeddable":true,"href":"https:\/\/ospitalita-italiana.com\/en\/wp-json\/wp\/v2\/region?post=38320"},{"taxonomy":"provience","embeddable":true,"href":"https:\/\/ospitalita-italiana.com\/en\/wp-json\/wp\/v2\/provience?post=38320"},{"taxonomy":"city","embeddable":true,"href":"https:\/\/ospitalita-italiana.com\/en\/wp-json\/wp\/v2\/city?post=38320"},{"taxonomy":"typeofpointofinterest","embeddable":true,"href":"https:\/\/ospitalita-italiana.com\/en\/wp-json\/wp\/v2\/typeofpointofinterest?post=38320"},{"taxonomy":"avatours","embeddable":true,"href":"https:\/\/ospitalita-italiana.com\/en\/wp-json\/wp\/v2\/avatours?post=38320"},{"taxonomy":"destination","embeddable":true,"href":"https:\/\/ospitalita-italiana.com\/en\/wp-json\/wp\/v2\/destination?post=38320"},{"taxonomy":"businessarea","embeddable":true,"href":"https:\/\/ospitalita-italiana.com\/en\/wp-json\/wp\/v2\/businessarea?post=38320"}],"curies":[{"name":"wp","href":"https:\/\/api.w.org\/{rel}","templated":true}]}}

<p>Lo chiamano “Giardino degli Dei”, in quanto “santuario” di una specie arborea rara e preziosa, il Pino Loricato. Siamo sulla cima di Serra di Crispo, in provincia di Potenza, nel Parco Nazionale del Pollino, la più grande area protetta d’Italia, di cui questa particolarissima specie di pino è simbolo e vita.</p>
<p>Istituito nel 1993, il Parco si sviluppa tra le vette del Dolcedorme e di Cozzo del Pellegrino, lungo il massiccio montuoso calabro-lucano del Pollino e dell&#8217;Orsomarso, ed è stato di recente inserito nel listing dei Geoparchi dell’Unesco come Patrimonio dell’Umanità, in virtù proprio di flora e fauna endemiche da tutelare. Dalle sue vette alte fino a 2.200 metri si possono vedere non uno ma ben due mari: da una parte la costa tirrenica di Maratea, Praia a Mare e Belvedere Marittimo e a est il litorale ionico da Sibari a Metaponto.</p>
<p>Benché sia la natura a fare da padrona da queste parti, non mancano gli spunti storico-archeologici, e persino preistorici, come per esempio nella Grotta-Riparo del Romito, o in quella di Sant’Angelo, con una graziosa chiesa ipogea del V-VI sec. d.C., o ancora nei borghi di Mormanno e Civita, fermi al Medioevo. Per non farsi mancare nulla, c’è anche il tocco di &#8220;esotico&#8221; in più, dato dalle comunità di cultura Arbëreshe, presenti sul territorio dal 1470.</p>
<p>Alcuni nuclei provenienti dall’Albania si rifugiarono qui per sfuggire alle milizie turche, rimanendo fedeli alle loro tradizioni e alla loro lingua, parlata ancora oggi, e fondando paesi come Acquaformosa, Civita, S. Basile, Lungro, Plataci, Frascineto, S. Costantino Albanese e S. Paolo Albanese.</p>
<p>La comunità albanese presente nel Pollino è fra le più radicate d&#8217;Italia: a Civita e a S. Paolo Albanese, si trovano i Musei della Civiltà Arbëreshe dove sono conservati numerosi oggetti, attrezzi e costumi tipici. Di grande interesse religioso sono le funzioni di rito greco-bizantino e le Vallje, le particolari danze che gli Arbëreshë intrecciano uniti l&#8217;un l&#8217;altro attraverso un fazzoletto.</p>
<p>Il Parco Nazionale del Pollino è anche habitat di numerose specie faunistiche, che con un po’ di fortuna si possono incontrare praticando escursionismo: lupo appenninico, cinghiali e caprioli, scoiattoli, istrici e lontre, ma anche picchi, gufi e aquile reali, falchi pellegrini e gheppi. In epoche remotissime, su queste distese si aggiravano anche pachidermi, come testimoniato da fossili risalenti a decine di migliaia di anni fa, vedi lo scheletro di “Elepfhans antiquus italicus”, alto quattro metri e vissuto circa settecentomila anni fa, rinvenuto nelle Valli del Mercure e attualmente custodito nel Museo Naturalistico e Paleontologico di Rotonda, sede del Parco.</p>
<p>&nbsp;</p>

<p>Lo chiamano “Giardino degli Dei”, in quanto “santuario” di una specie arborea rara e preziosa, il Pino Loricato. Siamo sulla cima di Serra di Crispo, in provincia di Potenza, nel Parco Nazionale del Pollino, la più grande area protetta d’Italia, di cui questa particolarissima specie di pino è simbolo e vita. Istituito nel 1993, il [&hellip;]</p>

<!-- This site is optimized with the Yoast SEO plugin v21.5 - https://yoast.com/wordpress/plugins/seo/ -->
<title>Parco Nazionale del Pollino -</title>
<meta name="description" content="Parco Nazionale del Pollino -" />
<meta name="robots" content="index, follow, max-snippet:-1, max-image-preview:large, max-video-preview:-1" />
<link rel="canonical" href="https://ospitalita-italiana.com/pointofinterest/parco-nazionale-del-pollino/" />
<meta property="og:locale" content="en_US" />
<meta property="og:type" content="article" />
<meta property="og:title" content="Parco Nazionale del Pollino -" />
<meta property="og:description" content="Parco Nazionale del Pollino -" />
<meta property="og:url" content="https://ospitalita-italiana.com/pointofinterest/parco-nazionale-del-pollino/" />
<meta property="article:publisher" content="https://www.facebook.com/MarchiodiQualitaOspitalitaItaliana/" />
<meta property="article:modified_time" content="2023-10-27T11:38:16+00:00" />
<meta name="twitter:card" content="summary_large_image" />
<meta name="twitter:label1" content="Est. reading time" />
	<meta name="twitter:data1" content="3 minutes" />
<script type="application/ld+json" class="yoast-schema-graph">{"@context":"https://schema.org","@graph":[{"@type":"WebPage","@id":"https://ospitalita-italiana.com/pointofinterest/parco-nazionale-del-pollino/","url":"https://ospitalita-italiana.com/pointofinterest/parco-nazionale-del-pollino/","name":"Parco Nazionale del Pollino -","isPartOf":{"@id":"https://ospitalita-italiana.com/#website"},"datePublished":"2022-12-23T12:48:51+00:00","dateModified":"2023-10-27T11:38:16+00:00","description":"Parco Nazionale del Pollino -","breadcrumb":{"@id":"https://ospitalita-italiana.com/pointofinterest/parco-nazionale-del-pollino/#breadcrumb"},"inLanguage":"en-US","potentialAction":[{"@type":"ReadAction","target":["https://ospitalita-italiana.com/pointofinterest/parco-nazionale-del-pollino/"]}]},{"@type":"BreadcrumbList","@id":"https://ospitalita-italiana.com/pointofinterest/parco-nazionale-del-pollino/#breadcrumb","itemListElement":[{"@type":"ListItem","position":1,"name":"Home","item":"https://ospitalita-italiana.com/en/"},{"@type":"ListItem","position":2,"name":"Point of interest","item":"https://ospitalita-italiana.com/pointofinterest/"},{"@type":"ListItem","position":3,"name":"Parco Nazionale del Pollino"}]},{"@type":"WebSite","@id":"https://ospitalita-italiana.com/#website","url":"https://ospitalita-italiana.com/","name":"Ospitalità Italiana","description":"L’ ospitalità che meriti - destinAzioni e strutture di qualità","publisher":{"@id":"https://ospitalita-italiana.com/#organization"},"potentialAction":[{"@type":"SearchAction","target":{"@type":"EntryPoint","urlTemplate":"https://ospitalita-italiana.com/?s={search_term_string}"},"query-input":"required name=search_term_string"}],"inLanguage":"en-US"},{"@type":"Organization","@id":"https://ospitalita-italiana.com/#organization","name":"Isnart","url":"https://ospitalita-italiana.com/","logo":{"@type":"ImageObject","inLanguage":"en-US","@id":"https://ospitalita-italiana.com/#/schema/logo/image/","url":"https://ospitalita-italiana.com/wp-content/uploads/2022/04/header-logo.png","contentUrl":"https://ospitalita-italiana.com/wp-content/uploads/2022/04/header-logo.png","width":154,"height":126,"caption":"Isnart"},"image":{"@id":"https://ospitalita-italiana.com/#/schema/logo/image/"},"sameAs":["https://www.facebook.com/MarchiodiQualitaOspitalitaItaliana/","https://www.instagram.com/ospitalitaitaliana_official/"]}]}</script>
<!-- / Yoast SEO plugin. -->

Ospitalità Italiana

L’ ospitalità che meriti - destinAzioni e strutture di qualità
