{"id":38889,"date":"2022-12-23T13:53:20","date_gmt":"2022-12-23T12:53:20","guid":{"rendered":"https:\/\/ospitalita-italiana.com\/pointofinterest\/palazzo-vitelli-alla-cannoniera-pinacoteca-comunale\/"},"modified":"2023-10-26T13:13:03","modified_gmt":"2023-10-26T11:13:03","slug":"palazzo-vitelli-alla-cannoniera-pinacoteca-comunale","status":"publish","type":"pointofinterest","link":"https:\/\/ospitalita-italiana.com\/en\/pointofinterest\/palazzo-vitelli-alla-cannoniera-pinacoteca-comunale\/","title":{"rendered":"Palazzo Vitelli alla Cannoniera &#8211; pinacoteca comunale"},"content":{"rendered":"<p>&#8220;Affinch\u00e9 non perisse la memoria del loro nome e del loro valore&#8221; in citt\u00e0. Il luogo in questione \u00e8 Citt\u00e0 di Castello, dove fra il 1521 e il 1532 fu costruito Palazzo Vitelli alla Cannoniera, voluto da Paola dei Rossi di San Secondo di Parma e dal marito Alessandro Vitelli, condottiero al servizio dei Medici, con l\u2019intento di perpetrare la gloria della propria casata. Il progetto fu affidato a due dei maggiori architetti dell\u2019epoca, Antonio da Sangallo il Giovane e Pier Francesco da Viterbo, mentre la facciata decorata a graffito fu realizzata su disegno niente meno che di Giorgio Vasari.<\/p>\n<p>Un edificio che quindi non passava inosservato, anche per la presenza di un giardino esotico che in breve tempo si guadagn\u00f2 una certa fama in tutta Europa. La fortuna di Palazzo Vitelli alla Cannoniera si deve anche al fatto che fra i numerosi proprietari succedutisi ci fu un certo Elia Volpi, ricco antiquario e abile restauratore che nella seconda met\u00e0 dell\u2019800 ne ripristin\u00f2 l\u2019antico splendore, appena prima che l\u2019edificio fosse donato alla citt\u00e0 perch\u00e9 diventasse sede della Pinacoteca Comunale. Duccio di Buoninsegna, Luca Signorelli, Raffaello, Ghirlandaio, Antonio Vivarini, Giusto di Gand, Raffaellino del Colle, Pomarancio\u2026 Sono solo alcuni dei Maestri del Rinascimento autori delle opere di cui oggi la Pinacoteca di Citt\u00e0 di Castello si pu\u00f2 fregiare, impreziosita da mobilio proveniente da chiese e conventi locali e dai meravigliosi affreschi di Cristofano Gherardi, detto il Doceno, e di Cola dell&#8217;Amatrice con motivi raffiguranti le imprese di Annibale, Scipione, Cesare e Alessandro Magno, volute da Alessandro Vitelli a celebrazione delle proprie doti militari.<\/p>\n","protected":false},"excerpt":{"rendered":"<p>&#8220;Affinch\u00e9 non perisse la memoria del loro nome e del loro valore&#8221; in citt\u00e0. Il luogo in questione \u00e8 Citt\u00e0 di Castello, dove fra il 1521 e il 1532 fu costruito Palazzo Vitelli alla Cannoniera, voluto da Paola dei Rossi di San Secondo di Parma e dal marito Alessandro Vitelli, condottiero al servizio dei Medici, [&hellip;]<\/p>\n","protected":false},"featured_media":0,"template":"","region":[93],"provience":[94],"city":[629],"typeofpointofinterest":[40],"avatours":[83],"destination":[2483],"businessarea":[88,87,99,100],"class_list":["post-38889","pointofinterest","type-pointofinterest","status-publish","hentry","region-umbria","provience-perugia","city-citta-di-castello","typeofpointofinterest-monumenti","avatours-turista-culturale","destination-alta-valle-del-tevere","businessarea-agroalimentare","businessarea-artigianato","businessarea-produzioni-dop","businessarea-produzioni-igp"],"yoast_head":"<!-- This site is optimized with the Yoast SEO plugin v21.5 - https:\/\/yoast.com\/wordpress\/plugins\/seo\/ -->\n<title>Palazzo Vitelli alla Cannoniera - pinacoteca comunale -<\/title>\n<meta name=\"description\" content=\"Palazzo Vitelli alla Cannoniera - pinacoteca comunale -\" \/>\n<meta name=\"robots\" content=\"index, follow, max-snippet:-1, max-image-preview:large, max-video-preview:-1\" \/>\n<link rel=\"canonical\" href=\"https:\/\/ospitalita-italiana.com\/pointofinterest\/palazzo-vitelli-alla-cannoniera-pinacoteca-comunale\/\" \/>\n<meta property=\"og:locale\" content=\"en_US\" \/>\n<meta property=\"og:type\" content=\"article\" \/>\n<meta property=\"og:title\" content=\"Palazzo Vitelli alla Cannoniera - pinacoteca comunale -\" \/>\n<meta property=\"og:description\" content=\"Palazzo Vitelli alla Cannoniera - pinacoteca comunale -\" \/>\n<meta property=\"og:url\" content=\"https:\/\/ospitalita-italiana.com\/pointofinterest\/palazzo-vitelli-alla-cannoniera-pinacoteca-comunale\/\" \/>\n<meta property=\"article:publisher\" content=\"https:\/\/www.facebook.com\/MarchiodiQualitaOspitalitaItaliana\/\" \/>\n<meta property=\"article:modified_time\" content=\"2023-10-26T11:13:03+00:00\" \/>\n<meta name=\"twitter:card\" content=\"summary_large_image\" \/>\n<meta name=\"twitter:label1\" content=\"Est. reading time\" \/>\n\t<meta name=\"twitter:data1\" content=\"2 minutes\" \/>\n<script type=\"application\/ld+json\" class=\"yoast-schema-graph\">{\"@context\":\"https:\/\/schema.org\",\"@graph\":[{\"@type\":\"WebPage\",\"@id\":\"https:\/\/ospitalita-italiana.com\/pointofinterest\/palazzo-vitelli-alla-cannoniera-pinacoteca-comunale\/\",\"url\":\"https:\/\/ospitalita-italiana.com\/pointofinterest\/palazzo-vitelli-alla-cannoniera-pinacoteca-comunale\/\",\"name\":\"Palazzo Vitelli alla Cannoniera - pinacoteca comunale -\",\"isPartOf\":{\"@id\":\"https:\/\/ospitalita-italiana.com\/#website\"},\"datePublished\":\"2022-12-23T12:53:20+00:00\",\"dateModified\":\"2023-10-26T11:13:03+00:00\",\"description\":\"Palazzo Vitelli alla Cannoniera - pinacoteca comunale -\",\"breadcrumb\":{\"@id\":\"https:\/\/ospitalita-italiana.com\/pointofinterest\/palazzo-vitelli-alla-cannoniera-pinacoteca-comunale\/#breadcrumb\"},\"inLanguage\":\"en-US\",\"potentialAction\":[{\"@type\":\"ReadAction\",\"target\":[\"https:\/\/ospitalita-italiana.com\/pointofinterest\/palazzo-vitelli-alla-cannoniera-pinacoteca-comunale\/\"]}]},{\"@type\":\"BreadcrumbList\",\"@id\":\"https:\/\/ospitalita-italiana.com\/pointofinterest\/palazzo-vitelli-alla-cannoniera-pinacoteca-comunale\/#breadcrumb\",\"itemListElement\":[{\"@type\":\"ListItem\",\"position\":1,\"name\":\"Home\",\"item\":\"https:\/\/ospitalita-italiana.com\/en\/\"},{\"@type\":\"ListItem\",\"position\":2,\"name\":\"Point of interest\",\"item\":\"https:\/\/ospitalita-italiana.com\/pointofinterest\/\"},{\"@type\":\"ListItem\",\"position\":3,\"name\":\"Palazzo Vitelli alla Cannoniera &#8211; pinacoteca comunale\"}]},{\"@type\":\"WebSite\",\"@id\":\"https:\/\/ospitalita-italiana.com\/#website\",\"url\":\"https:\/\/ospitalita-italiana.com\/\",\"name\":\"Ospitalit\u00e0 Italiana\",\"description\":\"L\u2019 ospitalit\u00e0 che meriti - destinAzioni e strutture di qualit\u00e0\",\"publisher\":{\"@id\":\"https:\/\/ospitalita-italiana.com\/#organization\"},\"potentialAction\":[{\"@type\":\"SearchAction\",\"target\":{\"@type\":\"EntryPoint\",\"urlTemplate\":\"https:\/\/ospitalita-italiana.com\/?s={search_term_string}\"},\"query-input\":\"required name=search_term_string\"}],\"inLanguage\":\"en-US\"},{\"@type\":\"Organization\",\"@id\":\"https:\/\/ospitalita-italiana.com\/#organization\",\"name\":\"Isnart\",\"url\":\"https:\/\/ospitalita-italiana.com\/\",\"logo\":{\"@type\":\"ImageObject\",\"inLanguage\":\"en-US\",\"@id\":\"https:\/\/ospitalita-italiana.com\/#\/schema\/logo\/image\/\",\"url\":\"https:\/\/ospitalita-italiana.com\/wp-content\/uploads\/2022\/04\/header-logo.png\",\"contentUrl\":\"https:\/\/ospitalita-italiana.com\/wp-content\/uploads\/2022\/04\/header-logo.png\",\"width\":154,\"height\":126,\"caption\":\"Isnart\"},\"image\":{\"@id\":\"https:\/\/ospitalita-italiana.com\/#\/schema\/logo\/image\/\"},\"sameAs\":[\"https:\/\/www.facebook.com\/MarchiodiQualitaOspitalitaItaliana\/\",\"https:\/\/www.instagram.com\/ospitalitaitaliana_official\/\"]}]}<\/script>\n<!-- \/ Yoast SEO plugin. -->","yoast_head_json":{"title":"Palazzo Vitelli alla Cannoniera - pinacoteca comunale -","description":"Palazzo Vitelli alla Cannoniera - pinacoteca comunale -","robots":{"index":"index","follow":"follow","max-snippet":"max-snippet:-1","max-image-preview":"max-image-preview:large","max-video-preview":"max-video-preview:-1"},"canonical":"https:\/\/ospitalita-italiana.com\/pointofinterest\/palazzo-vitelli-alla-cannoniera-pinacoteca-comunale\/","og_locale":"en_US","og_type":"article","og_title":"Palazzo Vitelli alla Cannoniera - pinacoteca comunale -","og_description":"Palazzo Vitelli alla Cannoniera - pinacoteca comunale -","og_url":"https:\/\/ospitalita-italiana.com\/pointofinterest\/palazzo-vitelli-alla-cannoniera-pinacoteca-comunale\/","article_publisher":"https:\/\/www.facebook.com\/MarchiodiQualitaOspitalitaItaliana\/","article_modified_time":"2023-10-26T11:13:03+00:00","twitter_card":"summary_large_image","twitter_misc":{"Est. reading time":"2 minutes"},"schema":{"@context":"https:\/\/schema.org","@graph":[{"@type":"WebPage","@id":"https:\/\/ospitalita-italiana.com\/pointofinterest\/palazzo-vitelli-alla-cannoniera-pinacoteca-comunale\/","url":"https:\/\/ospitalita-italiana.com\/pointofinterest\/palazzo-vitelli-alla-cannoniera-pinacoteca-comunale\/","name":"Palazzo Vitelli alla Cannoniera - pinacoteca comunale -","isPartOf":{"@id":"https:\/\/ospitalita-italiana.com\/#website"},"datePublished":"2022-12-23T12:53:20+00:00","dateModified":"2023-10-26T11:13:03+00:00","description":"Palazzo Vitelli alla Cannoniera - pinacoteca comunale -","breadcrumb":{"@id":"https:\/\/ospitalita-italiana.com\/pointofinterest\/palazzo-vitelli-alla-cannoniera-pinacoteca-comunale\/#breadcrumb"},"inLanguage":"en-US","potentialAction":[{"@type":"ReadAction","target":["https:\/\/ospitalita-italiana.com\/pointofinterest\/palazzo-vitelli-alla-cannoniera-pinacoteca-comunale\/"]}]},{"@type":"BreadcrumbList","@id":"https:\/\/ospitalita-italiana.com\/pointofinterest\/palazzo-vitelli-alla-cannoniera-pinacoteca-comunale\/#breadcrumb","itemListElement":[{"@type":"ListItem","position":1,"name":"Home","item":"https:\/\/ospitalita-italiana.com\/en\/"},{"@type":"ListItem","position":2,"name":"Point of interest","item":"https:\/\/ospitalita-italiana.com\/pointofinterest\/"},{"@type":"ListItem","position":3,"name":"Palazzo Vitelli alla Cannoniera &#8211; pinacoteca comunale"}]},{"@type":"WebSite","@id":"https:\/\/ospitalita-italiana.com\/#website","url":"https:\/\/ospitalita-italiana.com\/","name":"Ospitalit\u00e0 Italiana","description":"L\u2019 ospitalit\u00e0 che meriti - destinAzioni e strutture di qualit\u00e0","publisher":{"@id":"https:\/\/ospitalita-italiana.com\/#organization"},"potentialAction":[{"@type":"SearchAction","target":{"@type":"EntryPoint","urlTemplate":"https:\/\/ospitalita-italiana.com\/?s={search_term_string}"},"query-input":"required name=search_term_string"}],"inLanguage":"en-US"},{"@type":"Organization","@id":"https:\/\/ospitalita-italiana.com\/#organization","name":"Isnart","url":"https:\/\/ospitalita-italiana.com\/","logo":{"@type":"ImageObject","inLanguage":"en-US","@id":"https:\/\/ospitalita-italiana.com\/#\/schema\/logo\/image\/","url":"https:\/\/ospitalita-italiana.com\/wp-content\/uploads\/2022\/04\/header-logo.png","contentUrl":"https:\/\/ospitalita-italiana.com\/wp-content\/uploads\/2022\/04\/header-logo.png","width":154,"height":126,"caption":"Isnart"},"image":{"@id":"https:\/\/ospitalita-italiana.com\/#\/schema\/logo\/image\/"},"sameAs":["https:\/\/www.facebook.com\/MarchiodiQualitaOspitalitaItaliana\/","https:\/\/www.instagram.com\/ospitalitaitaliana_official\/"]}]}},"_links":{"self":[{"href":"https:\/\/ospitalita-italiana.com\/en\/wp-json\/wp\/v2\/pointofinterest\/38889","targetHints":{"allow":["GET"]}}],"collection":[{"href":"https:\/\/ospitalita-italiana.com\/en\/wp-json\/wp\/v2\/pointofinterest"}],"about":[{"href":"https:\/\/ospitalita-italiana.com\/en\/wp-json\/wp\/v2\/types\/pointofinterest"}],"version-history":[{"count":0,"href":"https:\/\/ospitalita-italiana.com\/en\/wp-json\/wp\/v2\/pointofinterest\/38889\/revisions"}],"wp:attachment":[{"href":"https:\/\/ospitalita-italiana.com\/en\/wp-json\/wp\/v2\/media?parent=38889"}],"wp:term":[{"taxonomy":"region","embeddable":true,"href":"https:\/\/ospitalita-italiana.com\/en\/wp-json\/wp\/v2\/region?post=38889"},{"taxonomy":"provience","embeddable":true,"href":"https:\/\/ospitalita-italiana.com\/en\/wp-json\/wp\/v2\/provience?post=38889"},{"taxonomy":"city","embeddable":true,"href":"https:\/\/ospitalita-italiana.com\/en\/wp-json\/wp\/v2\/city?post=38889"},{"taxonomy":"typeofpointofinterest","embeddable":true,"href":"https:\/\/ospitalita-italiana.com\/en\/wp-json\/wp\/v2\/typeofpointofinterest?post=38889"},{"taxonomy":"avatours","embeddable":true,"href":"https:\/\/ospitalita-italiana.com\/en\/wp-json\/wp\/v2\/avatours?post=38889"},{"taxonomy":"destination","embeddable":true,"href":"https:\/\/ospitalita-italiana.com\/en\/wp-json\/wp\/v2\/destination?post=38889"},{"taxonomy":"businessarea","embeddable":true,"href":"https:\/\/ospitalita-italiana.com\/en\/wp-json\/wp\/v2\/businessarea?post=38889"}],"curies":[{"name":"wp","href":"https:\/\/api.w.org\/{rel}","templated":true}]}}

<p>&#8220;Affinché non perisse la memoria del loro nome e del loro valore&#8221; in città. Il luogo in questione è Città di Castello, dove fra il 1521 e il 1532 fu costruito Palazzo Vitelli alla Cannoniera, voluto da Paola dei Rossi di San Secondo di Parma e dal marito Alessandro Vitelli, condottiero al servizio dei Medici, con l’intento di perpetrare la gloria della propria casata. Il progetto fu affidato a due dei maggiori architetti dell’epoca, Antonio da Sangallo il Giovane e Pier Francesco da Viterbo, mentre la facciata decorata a graffito fu realizzata su disegno niente meno che di Giorgio Vasari.</p>
<p>Un edificio che quindi non passava inosservato, anche per la presenza di un giardino esotico che in breve tempo si guadagnò una certa fama in tutta Europa. La fortuna di Palazzo Vitelli alla Cannoniera si deve anche al fatto che fra i numerosi proprietari succedutisi ci fu un certo Elia Volpi, ricco antiquario e abile restauratore che nella seconda metà dell’800 ne ripristinò l’antico splendore, appena prima che l’edificio fosse donato alla città perché diventasse sede della Pinacoteca Comunale. Duccio di Buoninsegna, Luca Signorelli, Raffaello, Ghirlandaio, Antonio Vivarini, Giusto di Gand, Raffaellino del Colle, Pomarancio… Sono solo alcuni dei Maestri del Rinascimento autori delle opere di cui oggi la Pinacoteca di Città di Castello si può fregiare, impreziosita da mobilio proveniente da chiese e conventi locali e dai meravigliosi affreschi di Cristofano Gherardi, detto il Doceno, e di Cola dell&#8217;Amatrice con motivi raffiguranti le imprese di Annibale, Scipione, Cesare e Alessandro Magno, volute da Alessandro Vitelli a celebrazione delle proprie doti militari.</p>

<p>&#8220;Affinché non perisse la memoria del loro nome e del loro valore&#8221; in città. Il luogo in questione è Città di Castello, dove fra il 1521 e il 1532 fu costruito Palazzo Vitelli alla Cannoniera, voluto da Paola dei Rossi di San Secondo di Parma e dal marito Alessandro Vitelli, condottiero al servizio dei Medici, [&hellip;]</p>

<!-- This site is optimized with the Yoast SEO plugin v21.5 - https://yoast.com/wordpress/plugins/seo/ -->
<title>Palazzo Vitelli alla Cannoniera - pinacoteca comunale -</title>
<meta name="description" content="Palazzo Vitelli alla Cannoniera - pinacoteca comunale -" />
<meta name="robots" content="index, follow, max-snippet:-1, max-image-preview:large, max-video-preview:-1" />
<link rel="canonical" href="https://ospitalita-italiana.com/pointofinterest/palazzo-vitelli-alla-cannoniera-pinacoteca-comunale/" />
<meta property="og:locale" content="en_US" />
<meta property="og:type" content="article" />
<meta property="og:title" content="Palazzo Vitelli alla Cannoniera - pinacoteca comunale -" />
<meta property="og:description" content="Palazzo Vitelli alla Cannoniera - pinacoteca comunale -" />
<meta property="og:url" content="https://ospitalita-italiana.com/pointofinterest/palazzo-vitelli-alla-cannoniera-pinacoteca-comunale/" />
<meta property="article:publisher" content="https://www.facebook.com/MarchiodiQualitaOspitalitaItaliana/" />
<meta property="article:modified_time" content="2023-10-26T11:13:03+00:00" />
<meta name="twitter:card" content="summary_large_image" />
<meta name="twitter:label1" content="Est. reading time" />
	<meta name="twitter:data1" content="2 minutes" />
<script type="application/ld+json" class="yoast-schema-graph">{"@context":"https://schema.org","@graph":[{"@type":"WebPage","@id":"https://ospitalita-italiana.com/pointofinterest/palazzo-vitelli-alla-cannoniera-pinacoteca-comunale/","url":"https://ospitalita-italiana.com/pointofinterest/palazzo-vitelli-alla-cannoniera-pinacoteca-comunale/","name":"Palazzo Vitelli alla Cannoniera - pinacoteca comunale -","isPartOf":{"@id":"https://ospitalita-italiana.com/#website"},"datePublished":"2022-12-23T12:53:20+00:00","dateModified":"2023-10-26T11:13:03+00:00","description":"Palazzo Vitelli alla Cannoniera - pinacoteca comunale -","breadcrumb":{"@id":"https://ospitalita-italiana.com/pointofinterest/palazzo-vitelli-alla-cannoniera-pinacoteca-comunale/#breadcrumb"},"inLanguage":"en-US","potentialAction":[{"@type":"ReadAction","target":["https://ospitalita-italiana.com/pointofinterest/palazzo-vitelli-alla-cannoniera-pinacoteca-comunale/"]}]},{"@type":"BreadcrumbList","@id":"https://ospitalita-italiana.com/pointofinterest/palazzo-vitelli-alla-cannoniera-pinacoteca-comunale/#breadcrumb","itemListElement":[{"@type":"ListItem","position":1,"name":"Home","item":"https://ospitalita-italiana.com/en/"},{"@type":"ListItem","position":2,"name":"Point of interest","item":"https://ospitalita-italiana.com/pointofinterest/"},{"@type":"ListItem","position":3,"name":"Palazzo Vitelli alla Cannoniera &#8211; pinacoteca comunale"}]},{"@type":"WebSite","@id":"https://ospitalita-italiana.com/#website","url":"https://ospitalita-italiana.com/","name":"Ospitalità Italiana","description":"L’ ospitalità che meriti - destinAzioni e strutture di qualità","publisher":{"@id":"https://ospitalita-italiana.com/#organization"},"potentialAction":[{"@type":"SearchAction","target":{"@type":"EntryPoint","urlTemplate":"https://ospitalita-italiana.com/?s={search_term_string}"},"query-input":"required name=search_term_string"}],"inLanguage":"en-US"},{"@type":"Organization","@id":"https://ospitalita-italiana.com/#organization","name":"Isnart","url":"https://ospitalita-italiana.com/","logo":{"@type":"ImageObject","inLanguage":"en-US","@id":"https://ospitalita-italiana.com/#/schema/logo/image/","url":"https://ospitalita-italiana.com/wp-content/uploads/2022/04/header-logo.png","contentUrl":"https://ospitalita-italiana.com/wp-content/uploads/2022/04/header-logo.png","width":154,"height":126,"caption":"Isnart"},"image":{"@id":"https://ospitalita-italiana.com/#/schema/logo/image/"},"sameAs":["https://www.facebook.com/MarchiodiQualitaOspitalitaItaliana/","https://www.instagram.com/ospitalitaitaliana_official/"]}]}</script>
<!-- / Yoast SEO plugin. -->

Ospitalità Italiana

L’ ospitalità che meriti - destinAzioni e strutture di qualità
