{"id":37535,"date":"2022-12-15T13:30:22","date_gmt":"2022-12-15T12:30:22","guid":{"rendered":"https:\/\/ospitalita-italiana.com\/touristdestinations\/lago-di-garda\/"},"modified":"2023-11-03T17:43:01","modified_gmt":"2023-11-03T16:43:01","slug":"lago-di-garda","status":"publish","type":"touristdestinations","link":"https:\/\/ospitalita-italiana.com\/en\/touristdestinations\/lago-di-garda\/","title":{"rendered":"Lago di Garda"},"content":{"rendered":"<p>\u00abSuso in Italia bella giace un laco\u2026.c\u2019ha nome Benaco\u00bb. Nel Canto XX dell\u2019Inferno, Dante fa cenno al Lago di Garda, che all\u2019epoca si chiamava ancora Benaco. Per descriverlo, si potrebbero forse usare le stesse parole che avrebbe usato l\u2019Alighieri allora, perch\u00e9 il contesto naturalistico non \u00e8 poi cos\u00ec cambiato. Il Monte Baldo che lo separa dal Trentino \u00e8 sempre l\u00ec, a dominare il bacino pi\u00f9 grande del Paese e offrendo il suo fianco al Parco Naturale Locale Monte Baldo, creato a tutela di quello che \u00e8 stato ribattezzato Hortus Italiae per la ricca biodiversit\u00e0. Caratteristica che dal \u2018400 in poi ha fatto da richiamo per studiosi, farmacisti e speziali, fra cui tale Francesco Calzolari che la celebrava con queste parole: \u201ctanta variet\u00e0 di pianta quanta in nessuna altra parte d\u2019Italia\u201d.<\/p>\n<p>Ma il Baldo \u00e8 solo un tassello di quel microcosmo rappresentato dal Garda, climaticamente, culturalmente e storicamente. Basti pensare a Sirmione, con le Grotte di Catullo a ricordare che questa era gi\u00e0 meta di vacanza per gli Antichi Romani. Da l\u00ec, facendo il periplo dei 158 km di costa, si pu\u00f2 partire alla scoperta di borghi e cittadine che nei secoli hanno ospitato personalit\u00e0 di ogni genere, fra cui molti artisti e scrittori incantati da un paesaggio sempre ricco di sorprese. Un periplo che tocca Lombardia, Veneto e Trentino, offrendo un melange di tradizioni assai diverse fra loro che si interfacciano e contaminano, anche grazie alla sua geolocalizzazione che lo pone esattamente al centro dell\u2019Europa.<\/p>\n<p>Anche per questo, il Garda \u00e8 ogni anno meta di milioni di turisti del nord e centro Europa, che qui trovano soddisfazione in luoghi ricchi d\u2019arte, bellezza e buona tavola, una sintesi perfetta del Bel Paese, con il plus di un clima mite tutto l\u2019anno ideale per praticare sport di ogni genere: trekking, MTB, sci e, grazie al vento tipico del mezzogiorno, l\u2019\u00f2ra, vela, windsurf e kite.<\/p>\n","protected":false},"featured_media":232529,"template":"","region":[425],"provience":[574],"city":[4400,1020,2122,2123,581,2124,576,2125,2126,2127,2128,2129,2130,2131,2132,2133,2134,2135,2136,2137,2138],"avatours":[80],"destination":[2648],"distric":[2649],"class_list":["post-37535","touristdestinations","type-touristdestinations","status-publish","has-post-thumbnail","hentry","region-veneto","provience-verona","city-affi","city-bardolino","city-brentino-belluno","city-brenzone-sul-garda","city-bussolengo","city-caprino-veronese","city-castelnuovo-del-garda","city-cavaion-veronese","city-costermano-sul-garda","city-ferrara-di-monte-baldo","city-garda","city-lazise","city-malcesine","city-pastrengo","city-peschiera-del-garda","city-rivoli-veronese","city-san-zeno-di-montagna","city-sommacampagna","city-sona","city-torri-del-benaco","city-valeggio-sul-mincio","avatours-turista-naturalistico","destination-lago-di-garda","distric-comprensorio-lago-di-garda"],"yoast_head":"<!-- This site is optimized with the Yoast SEO plugin v21.5 - https:\/\/yoast.com\/wordpress\/plugins\/seo\/ -->\n<title>Lago di Garda -<\/title>\n<meta name=\"description\" content=\"Lago di Garda -\" \/>\n<meta name=\"robots\" content=\"index, follow, max-snippet:-1, max-image-preview:large, max-video-preview:-1\" \/>\n<link rel=\"canonical\" href=\"https:\/\/ospitalita-italiana.com\/touristdestinations\/lago-di-garda\/\" \/>\n<meta property=\"og:locale\" content=\"en_US\" \/>\n<meta property=\"og:type\" content=\"article\" \/>\n<meta property=\"og:title\" content=\"Lago di Garda -\" \/>\n<meta property=\"og:description\" content=\"Lago di Garda -\" \/>\n<meta property=\"og:url\" content=\"https:\/\/ospitalita-italiana.com\/touristdestinations\/lago-di-garda\/\" \/>\n<meta property=\"article:publisher\" content=\"https:\/\/www.facebook.com\/MarchiodiQualitaOspitalitaItaliana\/\" \/>\n<meta property=\"article:modified_time\" content=\"2023-11-03T16:43:01+00:00\" \/>\n<meta property=\"og:image\" content=\"https:\/\/ospitalita-italiana.com\/wp-content\/uploads\/2022\/12\/Punta-San-Vigilio.jpg\" \/>\n\t<meta property=\"og:image:width\" content=\"1920\" \/>\n\t<meta property=\"og:image:height\" content=\"650\" \/>\n\t<meta property=\"og:image:type\" content=\"image\/jpeg\" \/>\n<meta name=\"twitter:card\" content=\"summary_large_image\" \/>\n<meta name=\"twitter:label1\" content=\"Est. reading time\" \/>\n\t<meta name=\"twitter:data1\" content=\"2 minutes\" \/>\n<script type=\"application\/ld+json\" class=\"yoast-schema-graph\">{\"@context\":\"https:\/\/schema.org\",\"@graph\":[{\"@type\":\"WebPage\",\"@id\":\"https:\/\/ospitalita-italiana.com\/touristdestinations\/lago-di-garda\/\",\"url\":\"https:\/\/ospitalita-italiana.com\/touristdestinations\/lago-di-garda\/\",\"name\":\"Lago di Garda -\",\"isPartOf\":{\"@id\":\"https:\/\/ospitalita-italiana.com\/#website\"},\"datePublished\":\"2022-12-15T12:30:22+00:00\",\"dateModified\":\"2023-11-03T16:43:01+00:00\",\"description\":\"Lago di Garda -\",\"breadcrumb\":{\"@id\":\"https:\/\/ospitalita-italiana.com\/touristdestinations\/lago-di-garda\/#breadcrumb\"},\"inLanguage\":\"en-US\",\"potentialAction\":[{\"@type\":\"ReadAction\",\"target\":[\"https:\/\/ospitalita-italiana.com\/touristdestinations\/lago-di-garda\/\"]}]},{\"@type\":\"BreadcrumbList\",\"@id\":\"https:\/\/ospitalita-italiana.com\/touristdestinations\/lago-di-garda\/#breadcrumb\",\"itemListElement\":[{\"@type\":\"ListItem\",\"position\":1,\"name\":\"Home\",\"item\":\"https:\/\/ospitalita-italiana.com\/en\/\"},{\"@type\":\"ListItem\",\"position\":2,\"name\":\"Lago di Garda\"}]},{\"@type\":\"WebSite\",\"@id\":\"https:\/\/ospitalita-italiana.com\/#website\",\"url\":\"https:\/\/ospitalita-italiana.com\/\",\"name\":\"Ospitalit\u00e0 Italiana\",\"description\":\"L\u2019 ospitalit\u00e0 che meriti - destinAzioni e strutture di qualit\u00e0\",\"publisher\":{\"@id\":\"https:\/\/ospitalita-italiana.com\/#organization\"},\"potentialAction\":[{\"@type\":\"SearchAction\",\"target\":{\"@type\":\"EntryPoint\",\"urlTemplate\":\"https:\/\/ospitalita-italiana.com\/?s={search_term_string}\"},\"query-input\":\"required name=search_term_string\"}],\"inLanguage\":\"en-US\"},{\"@type\":\"Organization\",\"@id\":\"https:\/\/ospitalita-italiana.com\/#organization\",\"name\":\"Isnart\",\"url\":\"https:\/\/ospitalita-italiana.com\/\",\"logo\":{\"@type\":\"ImageObject\",\"inLanguage\":\"en-US\",\"@id\":\"https:\/\/ospitalita-italiana.com\/#\/schema\/logo\/image\/\",\"url\":\"https:\/\/ospitalita-italiana.com\/wp-content\/uploads\/2022\/04\/header-logo.png\",\"contentUrl\":\"https:\/\/ospitalita-italiana.com\/wp-content\/uploads\/2022\/04\/header-logo.png\",\"width\":154,\"height\":126,\"caption\":\"Isnart\"},\"image\":{\"@id\":\"https:\/\/ospitalita-italiana.com\/#\/schema\/logo\/image\/\"},\"sameAs\":[\"https:\/\/www.facebook.com\/MarchiodiQualitaOspitalitaItaliana\/\",\"https:\/\/www.instagram.com\/ospitalitaitaliana_official\/\"]}]}<\/script>\n<!-- \/ Yoast SEO plugin. -->","yoast_head_json":{"title":"Lago di Garda -","description":"Lago di Garda -","robots":{"index":"index","follow":"follow","max-snippet":"max-snippet:-1","max-image-preview":"max-image-preview:large","max-video-preview":"max-video-preview:-1"},"canonical":"https:\/\/ospitalita-italiana.com\/touristdestinations\/lago-di-garda\/","og_locale":"en_US","og_type":"article","og_title":"Lago di Garda -","og_description":"Lago di Garda -","og_url":"https:\/\/ospitalita-italiana.com\/touristdestinations\/lago-di-garda\/","article_publisher":"https:\/\/www.facebook.com\/MarchiodiQualitaOspitalitaItaliana\/","article_modified_time":"2023-11-03T16:43:01+00:00","og_image":[{"width":1920,"height":650,"url":"https:\/\/ospitalita-italiana.com\/wp-content\/uploads\/2022\/12\/Punta-San-Vigilio.jpg","type":"image\/jpeg"}],"twitter_card":"summary_large_image","twitter_misc":{"Est. reading time":"2 minutes"},"schema":{"@context":"https:\/\/schema.org","@graph":[{"@type":"WebPage","@id":"https:\/\/ospitalita-italiana.com\/touristdestinations\/lago-di-garda\/","url":"https:\/\/ospitalita-italiana.com\/touristdestinations\/lago-di-garda\/","name":"Lago di Garda -","isPartOf":{"@id":"https:\/\/ospitalita-italiana.com\/#website"},"datePublished":"2022-12-15T12:30:22+00:00","dateModified":"2023-11-03T16:43:01+00:00","description":"Lago di Garda -","breadcrumb":{"@id":"https:\/\/ospitalita-italiana.com\/touristdestinations\/lago-di-garda\/#breadcrumb"},"inLanguage":"en-US","potentialAction":[{"@type":"ReadAction","target":["https:\/\/ospitalita-italiana.com\/touristdestinations\/lago-di-garda\/"]}]},{"@type":"BreadcrumbList","@id":"https:\/\/ospitalita-italiana.com\/touristdestinations\/lago-di-garda\/#breadcrumb","itemListElement":[{"@type":"ListItem","position":1,"name":"Home","item":"https:\/\/ospitalita-italiana.com\/en\/"},{"@type":"ListItem","position":2,"name":"Lago di Garda"}]},{"@type":"WebSite","@id":"https:\/\/ospitalita-italiana.com\/#website","url":"https:\/\/ospitalita-italiana.com\/","name":"Ospitalit\u00e0 Italiana","description":"L\u2019 ospitalit\u00e0 che meriti - destinAzioni e strutture di qualit\u00e0","publisher":{"@id":"https:\/\/ospitalita-italiana.com\/#organization"},"potentialAction":[{"@type":"SearchAction","target":{"@type":"EntryPoint","urlTemplate":"https:\/\/ospitalita-italiana.com\/?s={search_term_string}"},"query-input":"required name=search_term_string"}],"inLanguage":"en-US"},{"@type":"Organization","@id":"https:\/\/ospitalita-italiana.com\/#organization","name":"Isnart","url":"https:\/\/ospitalita-italiana.com\/","logo":{"@type":"ImageObject","inLanguage":"en-US","@id":"https:\/\/ospitalita-italiana.com\/#\/schema\/logo\/image\/","url":"https:\/\/ospitalita-italiana.com\/wp-content\/uploads\/2022\/04\/header-logo.png","contentUrl":"https:\/\/ospitalita-italiana.com\/wp-content\/uploads\/2022\/04\/header-logo.png","width":154,"height":126,"caption":"Isnart"},"image":{"@id":"https:\/\/ospitalita-italiana.com\/#\/schema\/logo\/image\/"},"sameAs":["https:\/\/www.facebook.com\/MarchiodiQualitaOspitalitaItaliana\/","https:\/\/www.instagram.com\/ospitalitaitaliana_official\/"]}]}},"_links":{"self":[{"href":"https:\/\/ospitalita-italiana.com\/en\/wp-json\/wp\/v2\/touristdestinations\/37535","targetHints":{"allow":["GET"]}}],"collection":[{"href":"https:\/\/ospitalita-italiana.com\/en\/wp-json\/wp\/v2\/touristdestinations"}],"about":[{"href":"https:\/\/ospitalita-italiana.com\/en\/wp-json\/wp\/v2\/types\/touristdestinations"}],"wp:featuredmedia":[{"embeddable":true,"href":"https:\/\/ospitalita-italiana.com\/en\/wp-json\/wp\/v2\/media\/232529"}],"wp:attachment":[{"href":"https:\/\/ospitalita-italiana.com\/en\/wp-json\/wp\/v2\/media?parent=37535"}],"wp:term":[{"taxonomy":"region","embeddable":true,"href":"https:\/\/ospitalita-italiana.com\/en\/wp-json\/wp\/v2\/region?post=37535"},{"taxonomy":"provience","embeddable":true,"href":"https:\/\/ospitalita-italiana.com\/en\/wp-json\/wp\/v2\/provience?post=37535"},{"taxonomy":"city","embeddable":true,"href":"https:\/\/ospitalita-italiana.com\/en\/wp-json\/wp\/v2\/city?post=37535"},{"taxonomy":"avatours","embeddable":true,"href":"https:\/\/ospitalita-italiana.com\/en\/wp-json\/wp\/v2\/avatours?post=37535"},{"taxonomy":"destination","embeddable":true,"href":"https:\/\/ospitalita-italiana.com\/en\/wp-json\/wp\/v2\/destination?post=37535"},{"taxonomy":"distric","embeddable":true,"href":"https:\/\/ospitalita-italiana.com\/en\/wp-json\/wp\/v2\/distric?post=37535"}],"curies":[{"name":"wp","href":"https:\/\/api.w.org\/{rel}","templated":true}]}}

<p>«Suso in Italia bella giace un laco….c’ha nome Benaco». Nel Canto XX dell’Inferno, Dante fa cenno al Lago di Garda, che all’epoca si chiamava ancora Benaco. Per descriverlo, si potrebbero forse usare le stesse parole che avrebbe usato l’Alighieri allora, perché il contesto naturalistico non è poi così cambiato. Il Monte Baldo che lo separa dal Trentino è sempre lì, a dominare il bacino più grande del Paese e offrendo il suo fianco al Parco Naturale Locale Monte Baldo, creato a tutela di quello che è stato ribattezzato Hortus Italiae per la ricca biodiversità. Caratteristica che dal ‘400 in poi ha fatto da richiamo per studiosi, farmacisti e speziali, fra cui tale Francesco Calzolari che la celebrava con queste parole: “tanta varietà di pianta quanta in nessuna altra parte d’Italia”.</p>
<p>Ma il Baldo è solo un tassello di quel microcosmo rappresentato dal Garda, climaticamente, culturalmente e storicamente. Basti pensare a Sirmione, con le Grotte di Catullo a ricordare che questa era già meta di vacanza per gli Antichi Romani. Da lì, facendo il periplo dei 158 km di costa, si può partire alla scoperta di borghi e cittadine che nei secoli hanno ospitato personalità di ogni genere, fra cui molti artisti e scrittori incantati da un paesaggio sempre ricco di sorprese. Un periplo che tocca Lombardia, Veneto e Trentino, offrendo un melange di tradizioni assai diverse fra loro che si interfacciano e contaminano, anche grazie alla sua geolocalizzazione che lo pone esattamente al centro dell’Europa.</p>
<p>Anche per questo, il Garda è ogni anno meta di milioni di turisti del nord e centro Europa, che qui trovano soddisfazione in luoghi ricchi d’arte, bellezza e buona tavola, una sintesi perfetta del Bel Paese, con il plus di un clima mite tutto l’anno ideale per praticare sport di ogni genere: trekking, MTB, sci e, grazie al vento tipico del mezzogiorno, l’òra, vela, windsurf e kite.</p>

<!-- This site is optimized with the Yoast SEO plugin v21.5 - https://yoast.com/wordpress/plugins/seo/ -->
<title>Lago di Garda -</title>
<meta name="description" content="Lago di Garda -" />
<meta name="robots" content="index, follow, max-snippet:-1, max-image-preview:large, max-video-preview:-1" />
<link rel="canonical" href="https://ospitalita-italiana.com/touristdestinations/lago-di-garda/" />
<meta property="og:locale" content="en_US" />
<meta property="og:type" content="article" />
<meta property="og:title" content="Lago di Garda -" />
<meta property="og:description" content="Lago di Garda -" />
<meta property="og:url" content="https://ospitalita-italiana.com/touristdestinations/lago-di-garda/" />
<meta property="article:publisher" content="https://www.facebook.com/MarchiodiQualitaOspitalitaItaliana/" />
<meta property="article:modified_time" content="2023-11-03T16:43:01+00:00" />
<meta property="og:image" content="https://ospitalita-italiana.com/wp-content/uploads/2022/12/Punta-San-Vigilio.jpg" />
	<meta property="og:image:width" content="1920" />
	<meta property="og:image:height" content="650" />
	<meta property="og:image:type" content="image/jpeg" />
<meta name="twitter:card" content="summary_large_image" />
<meta name="twitter:label1" content="Est. reading time" />
	<meta name="twitter:data1" content="2 minutes" />
<script type="application/ld+json" class="yoast-schema-graph">{"@context":"https://schema.org","@graph":[{"@type":"WebPage","@id":"https://ospitalita-italiana.com/touristdestinations/lago-di-garda/","url":"https://ospitalita-italiana.com/touristdestinations/lago-di-garda/","name":"Lago di Garda -","isPartOf":{"@id":"https://ospitalita-italiana.com/#website"},"datePublished":"2022-12-15T12:30:22+00:00","dateModified":"2023-11-03T16:43:01+00:00","description":"Lago di Garda -","breadcrumb":{"@id":"https://ospitalita-italiana.com/touristdestinations/lago-di-garda/#breadcrumb"},"inLanguage":"en-US","potentialAction":[{"@type":"ReadAction","target":["https://ospitalita-italiana.com/touristdestinations/lago-di-garda/"]}]},{"@type":"BreadcrumbList","@id":"https://ospitalita-italiana.com/touristdestinations/lago-di-garda/#breadcrumb","itemListElement":[{"@type":"ListItem","position":1,"name":"Home","item":"https://ospitalita-italiana.com/en/"},{"@type":"ListItem","position":2,"name":"Lago di Garda"}]},{"@type":"WebSite","@id":"https://ospitalita-italiana.com/#website","url":"https://ospitalita-italiana.com/","name":"Ospitalità Italiana","description":"L’ ospitalità che meriti - destinAzioni e strutture di qualità","publisher":{"@id":"https://ospitalita-italiana.com/#organization"},"potentialAction":[{"@type":"SearchAction","target":{"@type":"EntryPoint","urlTemplate":"https://ospitalita-italiana.com/?s={search_term_string}"},"query-input":"required name=search_term_string"}],"inLanguage":"en-US"},{"@type":"Organization","@id":"https://ospitalita-italiana.com/#organization","name":"Isnart","url":"https://ospitalita-italiana.com/","logo":{"@type":"ImageObject","inLanguage":"en-US","@id":"https://ospitalita-italiana.com/#/schema/logo/image/","url":"https://ospitalita-italiana.com/wp-content/uploads/2022/04/header-logo.png","contentUrl":"https://ospitalita-italiana.com/wp-content/uploads/2022/04/header-logo.png","width":154,"height":126,"caption":"Isnart"},"image":{"@id":"https://ospitalita-italiana.com/#/schema/logo/image/"},"sameAs":["https://www.facebook.com/MarchiodiQualitaOspitalitaItaliana/","https://www.instagram.com/ospitalitaitaliana_official/"]}]}</script>
<!-- / Yoast SEO plugin. -->

Ospitalità Italiana

L’ ospitalità che meriti - destinAzioni e strutture di qualità
