{"id":37637,"date":"2022-12-15T13:31:21","date_gmt":"2022-12-15T12:31:21","guid":{"rendered":"https:\/\/ospitalita-italiana.com\/touristdestinations\/valnerina\/"},"modified":"2023-10-11T16:41:12","modified_gmt":"2023-10-11T14:41:12","slug":"valnerina","status":"publish","type":"touristdestinations","link":"https:\/\/ospitalita-italiana.com\/en\/touristdestinations\/valnerina\/","title":{"rendered":"Valnerina"},"content":{"rendered":"<p>Lungo il Nera si cammina, si scopre, si contempla. Siamo nella Valnerina, divisa fra le province di Perugia e Terni, e la direzione \u00e8 quella che ci porta verso il confine con le Marche, e da qui, dopo i Piani di Castelluccio, al Parco Nazionale dei Monti Sibillini. Questa \u00e8 l\u2019Umbria verde pi\u00f9 verde che c\u2019\u00e8, tutelato e valorizzato, ma anche golosa, delle norcinerie, del tartufo nero, delle lenticchie, del farro e dello zafferano che da queste montagne prendono sali minerali e salubrit\u00e0 dell\u2019aria. E\u2019 l\u2019Umbria mistica degli itinerari di San Benedetto da Norcia e Santa Rita da Cascia, lungo un viaggio di meditazione che inizia proprio da qui, a Roccaporena, frazione di Cascia che nel 1381 vide nascere la Santa. I luoghi legati alla sua memoria, la casa dove visse, l\u2019orto del miracolo, lo scoglio e il roseto sono vicino al Santuario realizzato nel secolo scorso su ci\u00f2 che restava dell\u2019antico monastero e della chiesa che ospitava l\u2019urna con le sue spoglie.<\/p>\n<p>A Norcia \u00e8 invece la figura di San Benedetto a richiamare i fedeli, anche ora che la basilica a lui dedicata \u00e8 stata pesantemente danneggiata dal terremoto del 2016. Un destino che nei secoli ha colpito la citt\u00e0 pi\u00f9 volte, ma che nonostante ci\u00f2 \u00e8 riuscita a conservare un notevole patrimonio d\u2019arte e di memorie storiche, molte delle quali legate alla vita del fondatore dell\u2019ordine benedettino. Quello che rimane incrollabile \u00e8 il paesaggio che circonda Norcia: le cime innevate dei Sibillini che sfiorano i 2.000 metri, i fiumi Sordo e Corno che diventano palestre di canyoning e rafting, le grotte carsiche e le gole di free-climbing e speleologia, e le praterie, che in stagione diventano una tavolozza di colori per la fioritura delle lenticchie, da sorvolare in parapendio o deltaplano grazie alla Scuola Europea di Volo Libero che ha sede proprio a Castelluccio di Norcia.<\/p>\n<p>Natura e religione ritornano anche a Preci. Anche questo borgo, 600 anime appena, \u00e8 stato duramente colpito dal sisma del 2016, come pure l\u2019Abbazia benedettina di Sant\u2019Eutizio che ricorda l\u2019eremita fondatore del borgo nel V secolo d.C., ma la tenacia della gente del posto sembra voler portare avanti lo spirito di quei monaci siriani asceti ed eremiti che attorno all\u2019Abbazia realizzarono oratorio, foresteria per i pellegrini, farmacia, scuola di paleografia e miniatura, scriptorium e persino di una biblioteca di codici miniati. Non solo. A partire dal XIII secolo, fu in questo angolo sperduto fra i Monti Sibillini che nacque la cosiddetta scuola chirurgica preciana, da qui diffusasi in tutta Europa.<\/p>\n<p>La Valnerina non smette di stupire con le due tappe successive: Cerreto di Spoleto e Monteleone di Spoleto. A Cerreto si fa sosta dai tempi dei Romani per godere dei benefici effetti delle acque ricche di zolfo e magnesio degli antichi Bagni di Triponzo, a Monteleone per affrontare uno dei percorsi trekking del Parco Naturale Coscerno-Aspra. La presenza di questo minuscolo paese arroccato sugli Appennini Centrali \u00e8 nota anche agli appassionati di archeologia e persino a New York: qui, nella tomba a tumulo di un ricco principe locale, fu infatti rinvenuta la celebre biga di legno di noce e bronzo risalente al 540 a.C. Si tratta di uno dei reperti etruschi pi\u00f9 rari mai ritrovati, noto oltreoceano come \u201cThe Golden Chariot\u201d, Il Carro d\u2019Oro, e unicum della collezione etrusca del Metropolitan Museum di New York. Una copia in scala 1:1 si pu\u00f2 ammirare nei sotterranei del Complesso monumentale di San Francesco della fine del Duecento, a Monteleone. Non \u00e8 la biga originale, certo, ma vederla contestualizzata nei luoghi che attravers\u00f2 pi\u00f9 di 25 secoli fa regala un\u2019emozione che supera quella del Met.<\/p>\n<p>Richiama temi e atmosfere ben diverse il Museo della Canapa di Sant\u2019Anatolia di Narco, una sosta quanto mai esplicativa del contesto ambientale di tutta quest\u2019area, detta delle Canapine proprio per la massiccia produzione di canapa. Il museo, ricavato nel cinquecentesco Palazzo Comunale del borgo, \u00e8 parte dell\u2019Ecomuseo della Dorsale Appenninica Umbra, che ha pi\u00f9 sedi in tutta la valle, allo scopo di tramandare e diffondere la conoscenza di mestieri e arti antiche delle comunit\u00e0 locali.<\/p>\n<p>In provincia di Terni si trovano infine i Comuni di Arrone, che deve il suo nome a un nobile romano che nel IX secolo scelse la Valnerina come sua nuova dimora, e Ferentillo, che ha la particolarit\u00e0 di essere diviso proprio dal corso del fiume Nera in due borghi, Matterella e Precetto.<\/p>\n","protected":false},"featured_media":94204,"template":"","region":[93],"provience":[94],"city":[1185,722,1209,902,1187,1210,691,1211,1301,1212,1213,1004,1228,1007],"avatours":[83,79,80,81,82],"destination":[2838],"distric":[2839],"class_list":["post-37637","touristdestinations","type-touristdestinations","status-publish","has-post-thumbnail","hentry","region-umbria","provience-perugia","city-arrone","city-cascia","city-cerreto-di-spoleto","city-ferentillo","city-montefranco","city-monteleone-di-spoleto","city-norcia","city-poggiodomo","city-polino","city-preci","city-santanatolia-di-narco","city-scheggino","city-sellano","city-vallo-di-nera","avatours-turista-culturale","avatours-turista-enogastronomico","avatours-turista-naturalistico","avatours-turista-spirituale","avatours-turista-sportivo","destination-valnerina","distric-valnerina"],"yoast_head":"<!-- This site is optimized with the Yoast SEO plugin v21.5 - https:\/\/yoast.com\/wordpress\/plugins\/seo\/ -->\n<title>Valnerina -<\/title>\n<meta name=\"description\" content=\"Valnerina -\" \/>\n<meta name=\"robots\" content=\"index, follow, max-snippet:-1, max-image-preview:large, max-video-preview:-1\" \/>\n<link rel=\"canonical\" href=\"https:\/\/ospitalita-italiana.com\/touristdestinations\/valnerina\/\" \/>\n<meta property=\"og:locale\" content=\"en_US\" \/>\n<meta property=\"og:type\" content=\"article\" \/>\n<meta property=\"og:title\" content=\"Valnerina -\" \/>\n<meta property=\"og:description\" content=\"Valnerina -\" \/>\n<meta property=\"og:url\" content=\"https:\/\/ospitalita-italiana.com\/touristdestinations\/valnerina\/\" \/>\n<meta property=\"article:publisher\" content=\"https:\/\/www.facebook.com\/MarchiodiQualitaOspitalitaItaliana\/\" \/>\n<meta property=\"article:modified_time\" content=\"2023-10-11T14:41:12+00:00\" \/>\n<meta property=\"og:image\" content=\"https:\/\/ospitalita-italiana.com\/wp-content\/uploads\/2022\/12\/Valnerina-1.jpg\" \/>\n\t<meta property=\"og:image:width\" content=\"1920\" \/>\n\t<meta property=\"og:image:height\" content=\"650\" \/>\n\t<meta property=\"og:image:type\" content=\"image\/jpeg\" \/>\n<meta name=\"twitter:card\" content=\"summary_large_image\" \/>\n<meta name=\"twitter:label1\" content=\"Est. reading time\" \/>\n\t<meta name=\"twitter:data1\" content=\"4 minutes\" \/>\n<script type=\"application\/ld+json\" class=\"yoast-schema-graph\">{\"@context\":\"https:\/\/schema.org\",\"@graph\":[{\"@type\":\"WebPage\",\"@id\":\"https:\/\/ospitalita-italiana.com\/touristdestinations\/valnerina\/\",\"url\":\"https:\/\/ospitalita-italiana.com\/touristdestinations\/valnerina\/\",\"name\":\"Valnerina -\",\"isPartOf\":{\"@id\":\"https:\/\/ospitalita-italiana.com\/#website\"},\"datePublished\":\"2022-12-15T12:31:21+00:00\",\"dateModified\":\"2023-10-11T14:41:12+00:00\",\"description\":\"Valnerina -\",\"breadcrumb\":{\"@id\":\"https:\/\/ospitalita-italiana.com\/touristdestinations\/valnerina\/#breadcrumb\"},\"inLanguage\":\"en-US\",\"potentialAction\":[{\"@type\":\"ReadAction\",\"target\":[\"https:\/\/ospitalita-italiana.com\/touristdestinations\/valnerina\/\"]}]},{\"@type\":\"BreadcrumbList\",\"@id\":\"https:\/\/ospitalita-italiana.com\/touristdestinations\/valnerina\/#breadcrumb\",\"itemListElement\":[{\"@type\":\"ListItem\",\"position\":1,\"name\":\"Home\",\"item\":\"https:\/\/ospitalita-italiana.com\/en\/\"},{\"@type\":\"ListItem\",\"position\":2,\"name\":\"Valnerina\"}]},{\"@type\":\"WebSite\",\"@id\":\"https:\/\/ospitalita-italiana.com\/#website\",\"url\":\"https:\/\/ospitalita-italiana.com\/\",\"name\":\"Ospitalit\u00e0 Italiana\",\"description\":\"L\u2019 ospitalit\u00e0 che meriti - destinAzioni e strutture di qualit\u00e0\",\"publisher\":{\"@id\":\"https:\/\/ospitalita-italiana.com\/#organization\"},\"potentialAction\":[{\"@type\":\"SearchAction\",\"target\":{\"@type\":\"EntryPoint\",\"urlTemplate\":\"https:\/\/ospitalita-italiana.com\/?s={search_term_string}\"},\"query-input\":\"required name=search_term_string\"}],\"inLanguage\":\"en-US\"},{\"@type\":\"Organization\",\"@id\":\"https:\/\/ospitalita-italiana.com\/#organization\",\"name\":\"Isnart\",\"url\":\"https:\/\/ospitalita-italiana.com\/\",\"logo\":{\"@type\":\"ImageObject\",\"inLanguage\":\"en-US\",\"@id\":\"https:\/\/ospitalita-italiana.com\/#\/schema\/logo\/image\/\",\"url\":\"https:\/\/ospitalita-italiana.com\/wp-content\/uploads\/2022\/04\/header-logo.png\",\"contentUrl\":\"https:\/\/ospitalita-italiana.com\/wp-content\/uploads\/2022\/04\/header-logo.png\",\"width\":154,\"height\":126,\"caption\":\"Isnart\"},\"image\":{\"@id\":\"https:\/\/ospitalita-italiana.com\/#\/schema\/logo\/image\/\"},\"sameAs\":[\"https:\/\/www.facebook.com\/MarchiodiQualitaOspitalitaItaliana\/\",\"https:\/\/www.instagram.com\/ospitalitaitaliana_official\/\"]}]}<\/script>\n<!-- \/ Yoast SEO plugin. -->","yoast_head_json":{"title":"Valnerina -","description":"Valnerina -","robots":{"index":"index","follow":"follow","max-snippet":"max-snippet:-1","max-image-preview":"max-image-preview:large","max-video-preview":"max-video-preview:-1"},"canonical":"https:\/\/ospitalita-italiana.com\/touristdestinations\/valnerina\/","og_locale":"en_US","og_type":"article","og_title":"Valnerina -","og_description":"Valnerina -","og_url":"https:\/\/ospitalita-italiana.com\/touristdestinations\/valnerina\/","article_publisher":"https:\/\/www.facebook.com\/MarchiodiQualitaOspitalitaItaliana\/","article_modified_time":"2023-10-11T14:41:12+00:00","og_image":[{"width":1920,"height":650,"url":"https:\/\/ospitalita-italiana.com\/wp-content\/uploads\/2022\/12\/Valnerina-1.jpg","type":"image\/jpeg"}],"twitter_card":"summary_large_image","twitter_misc":{"Est. reading time":"4 minutes"},"schema":{"@context":"https:\/\/schema.org","@graph":[{"@type":"WebPage","@id":"https:\/\/ospitalita-italiana.com\/touristdestinations\/valnerina\/","url":"https:\/\/ospitalita-italiana.com\/touristdestinations\/valnerina\/","name":"Valnerina -","isPartOf":{"@id":"https:\/\/ospitalita-italiana.com\/#website"},"datePublished":"2022-12-15T12:31:21+00:00","dateModified":"2023-10-11T14:41:12+00:00","description":"Valnerina -","breadcrumb":{"@id":"https:\/\/ospitalita-italiana.com\/touristdestinations\/valnerina\/#breadcrumb"},"inLanguage":"en-US","potentialAction":[{"@type":"ReadAction","target":["https:\/\/ospitalita-italiana.com\/touristdestinations\/valnerina\/"]}]},{"@type":"BreadcrumbList","@id":"https:\/\/ospitalita-italiana.com\/touristdestinations\/valnerina\/#breadcrumb","itemListElement":[{"@type":"ListItem","position":1,"name":"Home","item":"https:\/\/ospitalita-italiana.com\/en\/"},{"@type":"ListItem","position":2,"name":"Valnerina"}]},{"@type":"WebSite","@id":"https:\/\/ospitalita-italiana.com\/#website","url":"https:\/\/ospitalita-italiana.com\/","name":"Ospitalit\u00e0 Italiana","description":"L\u2019 ospitalit\u00e0 che meriti - destinAzioni e strutture di qualit\u00e0","publisher":{"@id":"https:\/\/ospitalita-italiana.com\/#organization"},"potentialAction":[{"@type":"SearchAction","target":{"@type":"EntryPoint","urlTemplate":"https:\/\/ospitalita-italiana.com\/?s={search_term_string}"},"query-input":"required name=search_term_string"}],"inLanguage":"en-US"},{"@type":"Organization","@id":"https:\/\/ospitalita-italiana.com\/#organization","name":"Isnart","url":"https:\/\/ospitalita-italiana.com\/","logo":{"@type":"ImageObject","inLanguage":"en-US","@id":"https:\/\/ospitalita-italiana.com\/#\/schema\/logo\/image\/","url":"https:\/\/ospitalita-italiana.com\/wp-content\/uploads\/2022\/04\/header-logo.png","contentUrl":"https:\/\/ospitalita-italiana.com\/wp-content\/uploads\/2022\/04\/header-logo.png","width":154,"height":126,"caption":"Isnart"},"image":{"@id":"https:\/\/ospitalita-italiana.com\/#\/schema\/logo\/image\/"},"sameAs":["https:\/\/www.facebook.com\/MarchiodiQualitaOspitalitaItaliana\/","https:\/\/www.instagram.com\/ospitalitaitaliana_official\/"]}]}},"_links":{"self":[{"href":"https:\/\/ospitalita-italiana.com\/en\/wp-json\/wp\/v2\/touristdestinations\/37637","targetHints":{"allow":["GET"]}}],"collection":[{"href":"https:\/\/ospitalita-italiana.com\/en\/wp-json\/wp\/v2\/touristdestinations"}],"about":[{"href":"https:\/\/ospitalita-italiana.com\/en\/wp-json\/wp\/v2\/types\/touristdestinations"}],"wp:featuredmedia":[{"embeddable":true,"href":"https:\/\/ospitalita-italiana.com\/en\/wp-json\/wp\/v2\/media\/94204"}],"wp:attachment":[{"href":"https:\/\/ospitalita-italiana.com\/en\/wp-json\/wp\/v2\/media?parent=37637"}],"wp:term":[{"taxonomy":"region","embeddable":true,"href":"https:\/\/ospitalita-italiana.com\/en\/wp-json\/wp\/v2\/region?post=37637"},{"taxonomy":"provience","embeddable":true,"href":"https:\/\/ospitalita-italiana.com\/en\/wp-json\/wp\/v2\/provience?post=37637"},{"taxonomy":"city","embeddable":true,"href":"https:\/\/ospitalita-italiana.com\/en\/wp-json\/wp\/v2\/city?post=37637"},{"taxonomy":"avatours","embeddable":true,"href":"https:\/\/ospitalita-italiana.com\/en\/wp-json\/wp\/v2\/avatours?post=37637"},{"taxonomy":"destination","embeddable":true,"href":"https:\/\/ospitalita-italiana.com\/en\/wp-json\/wp\/v2\/destination?post=37637"},{"taxonomy":"distric","embeddable":true,"href":"https:\/\/ospitalita-italiana.com\/en\/wp-json\/wp\/v2\/distric?post=37637"}],"curies":[{"name":"wp","href":"https:\/\/api.w.org\/{rel}","templated":true}]}}

<p>Lungo il Nera si cammina, si scopre, si contempla. Siamo nella Valnerina, divisa fra le province di Perugia e Terni, e la direzione è quella che ci porta verso il confine con le Marche, e da qui, dopo i Piani di Castelluccio, al Parco Nazionale dei Monti Sibillini. Questa è l’Umbria verde più verde che c’è, tutelato e valorizzato, ma anche golosa, delle norcinerie, del tartufo nero, delle lenticchie, del farro e dello zafferano che da queste montagne prendono sali minerali e salubrità dell’aria. E’ l’Umbria mistica degli itinerari di San Benedetto da Norcia e Santa Rita da Cascia, lungo un viaggio di meditazione che inizia proprio da qui, a Roccaporena, frazione di Cascia che nel 1381 vide nascere la Santa. I luoghi legati alla sua memoria, la casa dove visse, l’orto del miracolo, lo scoglio e il roseto sono vicino al Santuario realizzato nel secolo scorso su ciò che restava dell’antico monastero e della chiesa che ospitava l’urna con le sue spoglie.</p>
<p>A Norcia è invece la figura di San Benedetto a richiamare i fedeli, anche ora che la basilica a lui dedicata è stata pesantemente danneggiata dal terremoto del 2016. Un destino che nei secoli ha colpito la città più volte, ma che nonostante ciò è riuscita a conservare un notevole patrimonio d’arte e di memorie storiche, molte delle quali legate alla vita del fondatore dell’ordine benedettino. Quello che rimane incrollabile è il paesaggio che circonda Norcia: le cime innevate dei Sibillini che sfiorano i 2.000 metri, i fiumi Sordo e Corno che diventano palestre di canyoning e rafting, le grotte carsiche e le gole di free-climbing e speleologia, e le praterie, che in stagione diventano una tavolozza di colori per la fioritura delle lenticchie, da sorvolare in parapendio o deltaplano grazie alla Scuola Europea di Volo Libero che ha sede proprio a Castelluccio di Norcia.</p>
<p>Natura e religione ritornano anche a Preci. Anche questo borgo, 600 anime appena, è stato duramente colpito dal sisma del 2016, come pure l’Abbazia benedettina di Sant’Eutizio che ricorda l’eremita fondatore del borgo nel V secolo d.C., ma la tenacia della gente del posto sembra voler portare avanti lo spirito di quei monaci siriani asceti ed eremiti che attorno all’Abbazia realizzarono oratorio, foresteria per i pellegrini, farmacia, scuola di paleografia e miniatura, scriptorium e persino di una biblioteca di codici miniati. Non solo. A partire dal XIII secolo, fu in questo angolo sperduto fra i Monti Sibillini che nacque la cosiddetta scuola chirurgica preciana, da qui diffusasi in tutta Europa.</p>
<p>La Valnerina non smette di stupire con le due tappe successive: Cerreto di Spoleto e Monteleone di Spoleto. A Cerreto si fa sosta dai tempi dei Romani per godere dei benefici effetti delle acque ricche di zolfo e magnesio degli antichi Bagni di Triponzo, a Monteleone per affrontare uno dei percorsi trekking del Parco Naturale Coscerno-Aspra. La presenza di questo minuscolo paese arroccato sugli Appennini Centrali è nota anche agli appassionati di archeologia e persino a New York: qui, nella tomba a tumulo di un ricco principe locale, fu infatti rinvenuta la celebre biga di legno di noce e bronzo risalente al 540 a.C. Si tratta di uno dei reperti etruschi più rari mai ritrovati, noto oltreoceano come “The Golden Chariot”, Il Carro d’Oro, e unicum della collezione etrusca del Metropolitan Museum di New York. Una copia in scala 1:1 si può ammirare nei sotterranei del Complesso monumentale di San Francesco della fine del Duecento, a Monteleone. Non è la biga originale, certo, ma vederla contestualizzata nei luoghi che attraversò più di 25 secoli fa regala un’emozione che supera quella del Met.</p>
<p>Richiama temi e atmosfere ben diverse il Museo della Canapa di Sant’Anatolia di Narco, una sosta quanto mai esplicativa del contesto ambientale di tutta quest’area, detta delle Canapine proprio per la massiccia produzione di canapa. Il museo, ricavato nel cinquecentesco Palazzo Comunale del borgo, è parte dell’Ecomuseo della Dorsale Appenninica Umbra, che ha più sedi in tutta la valle, allo scopo di tramandare e diffondere la conoscenza di mestieri e arti antiche delle comunità locali.</p>
<p>In provincia di Terni si trovano infine i Comuni di Arrone, che deve il suo nome a un nobile romano che nel IX secolo scelse la Valnerina come sua nuova dimora, e Ferentillo, che ha la particolarità di essere diviso proprio dal corso del fiume Nera in due borghi, Matterella e Precetto.</p>

<!-- This site is optimized with the Yoast SEO plugin v21.5 - https://yoast.com/wordpress/plugins/seo/ -->
<title>Valnerina -</title>
<meta name="description" content="Valnerina -" />
<meta name="robots" content="index, follow, max-snippet:-1, max-image-preview:large, max-video-preview:-1" />
<link rel="canonical" href="https://ospitalita-italiana.com/touristdestinations/valnerina/" />
<meta property="og:locale" content="en_US" />
<meta property="og:type" content="article" />
<meta property="og:title" content="Valnerina -" />
<meta property="og:description" content="Valnerina -" />
<meta property="og:url" content="https://ospitalita-italiana.com/touristdestinations/valnerina/" />
<meta property="article:publisher" content="https://www.facebook.com/MarchiodiQualitaOspitalitaItaliana/" />
<meta property="article:modified_time" content="2023-10-11T14:41:12+00:00" />
<meta property="og:image" content="https://ospitalita-italiana.com/wp-content/uploads/2022/12/Valnerina-1.jpg" />
	<meta property="og:image:width" content="1920" />
	<meta property="og:image:height" content="650" />
	<meta property="og:image:type" content="image/jpeg" />
<meta name="twitter:card" content="summary_large_image" />
<meta name="twitter:label1" content="Est. reading time" />
	<meta name="twitter:data1" content="4 minutes" />
<script type="application/ld+json" class="yoast-schema-graph">{"@context":"https://schema.org","@graph":[{"@type":"WebPage","@id":"https://ospitalita-italiana.com/touristdestinations/valnerina/","url":"https://ospitalita-italiana.com/touristdestinations/valnerina/","name":"Valnerina -","isPartOf":{"@id":"https://ospitalita-italiana.com/#website"},"datePublished":"2022-12-15T12:31:21+00:00","dateModified":"2023-10-11T14:41:12+00:00","description":"Valnerina -","breadcrumb":{"@id":"https://ospitalita-italiana.com/touristdestinations/valnerina/#breadcrumb"},"inLanguage":"en-US","potentialAction":[{"@type":"ReadAction","target":["https://ospitalita-italiana.com/touristdestinations/valnerina/"]}]},{"@type":"BreadcrumbList","@id":"https://ospitalita-italiana.com/touristdestinations/valnerina/#breadcrumb","itemListElement":[{"@type":"ListItem","position":1,"name":"Home","item":"https://ospitalita-italiana.com/en/"},{"@type":"ListItem","position":2,"name":"Valnerina"}]},{"@type":"WebSite","@id":"https://ospitalita-italiana.com/#website","url":"https://ospitalita-italiana.com/","name":"Ospitalità Italiana","description":"L’ ospitalità che meriti - destinAzioni e strutture di qualità","publisher":{"@id":"https://ospitalita-italiana.com/#organization"},"potentialAction":[{"@type":"SearchAction","target":{"@type":"EntryPoint","urlTemplate":"https://ospitalita-italiana.com/?s={search_term_string}"},"query-input":"required name=search_term_string"}],"inLanguage":"en-US"},{"@type":"Organization","@id":"https://ospitalita-italiana.com/#organization","name":"Isnart","url":"https://ospitalita-italiana.com/","logo":{"@type":"ImageObject","inLanguage":"en-US","@id":"https://ospitalita-italiana.com/#/schema/logo/image/","url":"https://ospitalita-italiana.com/wp-content/uploads/2022/04/header-logo.png","contentUrl":"https://ospitalita-italiana.com/wp-content/uploads/2022/04/header-logo.png","width":154,"height":126,"caption":"Isnart"},"image":{"@id":"https://ospitalita-italiana.com/#/schema/logo/image/"},"sameAs":["https://www.facebook.com/MarchiodiQualitaOspitalitaItaliana/","https://www.instagram.com/ospitalitaitaliana_official/"]}]}</script>
<!-- / Yoast SEO plugin. -->

Ospitalità Italiana

L’ ospitalità che meriti - destinAzioni e strutture di qualità
